culate the remainder when 9108 is divided by 31.
25
Calculate the remainder when 558 is divided by 33.
30
Calculate the remainder when 1882 is divided by 45.
37
Calculate the remainder when 650 is divided by 114.
80
What is the remainder when 1128 is divided by 371?
15
What is the remainder when 55 is divided by 17?
4
Calculate the remainder when 44334 is divided by 163.
161
Calculate the remainder when 292 is divided by 54.
22
Calculate the remainder when 4328 is divided by 37.
36
Calculate the remainder when 4030 is divided by 37.
34
Calculate the remainder when 423 is divided by 389.
34
What is the remainder when 13835 is divided by 11?
8
What is the remainder when 260 is divided by 84?
8
What is the remainder when 80 is divided by 30?
20
Calculate the remainder when 552 is divided by 56.
48
What is the remainder when 509 is divided by 64?
61
Calculate the remainder when 269 is divided by 21.
17
What is the remainder when 147 is divided by 57?
33
Calculate the remainder when 376 is divided by 42.
40
Calculate the remainder when 149 is divided by 51.
47
What is the remainder when 4057 is divided by 2011?
35
Calculate the remainder when 6392 is divided by 123.
119
What is the remainder when 31899 is divided by 100?
99
Calculate the remainder when 72 is divided by 61.
11
Calculate the remainder when 61 is divided by 22.
17
What is the remainder when 745 is divided by 11?
8
What is the remainder when 4731 is divided by 181?
25
What is the remainder when 2381 is divided by 114?
101
What is the remainder when 2720 is divided by 23?
6
What is the remainder when 11117 is divided by 102?
101
What is the remainder when 6859 is divided by 26?
21
What is the remainder when 226 is divided by 107?
12
Calculate the remainder when 2085 is divided by 87.
84
Calculate the remainder when 274 is divided by 12.
10
What is the remainder when 39 is divided by 22?
17
Calculate the remainder when 307 is divided by 8.
3
What is the remainder when 512 is divided by 19?
18
Calculate the remainder when 114 is divided by 30.
24
Calculate the remainder when 303 is divided by 8.
7
Calculate the remainder when 207 is divided by 42.
39
What is the remainder when 1608 is divided by 227?
19
What is the remainder when 334 is divided by 274?
60
What is the remainder when 67 is divided by 43?
24
Calculate the remainder when 9597 is divided by 192.
189
What is the remainder when 254 is divided by 17?
16
Calculate the remainder when 607 is divided by 77.
68
Calculate the remainder when 2328 is divided by 211.
7
What is the remainder when 1039 is divided by 95?
89
What is the remainder when 1511 is divided by 8?
7
Calculate the remainder when 630 is divided by 8.
6
Calculate the remainder when 83 is divided by 12.
11
What is the remainder when 254 is divided by 33?
23
What is the remainder when 1215 is divided by 275?
115
Calculate the remainder when 1302 is divided by 162.
6
Calculate the remainder when 151 is divided by 47.
10
What is the remainder when 319 is divided by 55?
44
What is the remainder when 108 is divided by 55?
53
What is the remainder when 464 is divided by 34?
22
What is the remainder when 499 is divided by 50?
49
What is the remainder when 13667 is divided by 201?
200
What is the remainder when 390 is divided by 43?
3
What is the remainder when 59 is divided by 16?
11
What is the remainder when 334 is divided by 34?
28
Calculate the remainder when 222 is divided by 56.
54
Calculate the remainder when 2357 is divided by 1171.
15
What is the remainder when 1871 is divided by 613?
32
What is the remainder when 1607 is divided by 788?
31
Calculate the remainder when 298 is divided by 110.
78
Calculate the remainder when 1358 is divided by 34.
32
What is the remainder when 575 is divided by 39?
29
Calculate the remainder when 67 is divided by 14.
11
What is the remainder when 110 is divided by 7?
5
Calculate the remainder when 5806 is divided by 35.
31
What is the remainder when 1982 is divided by 198?
2
What is the remainder when 414 is divided by 120?
54
What is the remainder when 599 is divided by 8?
7
Calculate the remainder when 72 is divided by 2.
0
Calculate the remainder when 4661 is divided by 424.
421
Calculate the remainder when 684 is divided by 340.
4
Calculate the remainder when 1424 is divided by 245.
199
What is the remainder when 38 is divided by 13?
12
Calculate the remainder when 723 is divided by 244.
235
What is the remainder when 611 is divided by 56?
51
Calculate the remainder when 168 is divided by 161.
7
What is the remainder when 549 is divided by 10?
9
What is the remainder when 121 is divided by 35?
16
What is the remainder when 175 is divided by 15?
10
What is the remainder when 55 is divided by 15?
10
What is the remainder when 11426 is divided by 293?
292
Calculate the remainder when 173 is divided by 65.
43
What is the remainder when 388 is divided by 29?
11
Calculate the remainder when 132 is divided by 67.
65
What is the remainder when 217 is divided by 105?
7
Calculate the remainder when 659 is divided by 328.
3
Calculate the remainder when 248 is divided by 36.
32
Calculate the remainder when 81 is divided by 21.
18
What is the remainder when 3456 is divided by 38?
36
What is the remainder when 179 is divided by 36?
35
Calculate the remainder when 433 is divided by 43.
3
What is the remainder when 278 is divided by 10?
8
Calculate the remainder when 207 is divided by 42.
39
What is the remainder when 160 is divided by 33?
28
Calculate the remainder when 1540 is divided by 157.
127
Calculate the remainder when 943 is divided by 35.
33
Calculate the remainder when 836 is divided by 118.
10
What is the remainder when 82 is divided by 48?
34
Calculate the remainder when 36 is divided by 13.
10
What is the remainder when 463 is divided by 31?
29
Calculate the remainder when 5972 is divided by 206.
204
Calculate the remainder when 44 is divided by 8.
4
Calculate the remainder when 6298 is divided by 35.
33
What is the remainder when 29086 is divided by 36?
34
Calculate the remainder when 398 is divided by 23.
7
What is the remainder when 61 is divided by 2?
1
What is the remainder when 95 is divided by 84?
11
What is the remainder when 617 is divided by 4?
1
Calculate the remainder when 107 is divided by 8.
3
Calculate the remainder when 2661 is divided by 111.
108
What is the remainder when 2430 is divided by 2411?
19
Calculate the remainder when 478 is divided by 34.
2
Calculate the remainder when 736 is divided by 155.
116
Calculate the remainder when 106 is divided by 50.
6
What is the remainder when 367 is divided by 75?
67
Calculate the remainder when 723 is divided by 176.
19
What is the remainder when 445 is divided by 156?
133
Calculate the remainder when 874 is divided by 25.
24
Calculate the remainder when 1247 is divided by 349.
200
Calculate the remainder when 35 is divided by 19.
16
Calculate the remainder when 10479 is divided by 223.
221
What is the remainder when 406 is divided by 35?
21
What is the remainder when 1059 is divided by 208?
19
What is the remainder when 418 is divided by 167?
84
What is the remainder when 169 is divided by 59?
51
Calculate the remainder when 1203 is divided by 151.
146
What is the remainder when 968 is divided by 28?
16
What is the remainder when 96 is divided by 53?
43
What is the remainder when 150 is divided by 145?
5
What is the remainder when 35 is divided by 22?
13
Calculate the remainder when 838 is divided by 30.
28
What is the remainder when 585 is divided by 28?
25
What is the remainder when 982 is divided by 61?
6
What is the remainder when 296 is divided by 70?
16
What is the remainder when 4139 is divided by 109?
106
Calculate the remainder when 437 is divided by 373.
64
What is the remainder when 3597 is divided by 12?
9
What is the remainder when 690 is divided by 424?
266
Calculate the remainder when 228 is divided by 29.
25
What is the remainder when 1048 is divided by 53?
41
Calculate the remainder when 851 is divided by 423.
5
Calculate the remainder when 737 is divided by 94.
79
Calculate the remainder when 1908 is divided by 91.
88
What is the remainder when 110 is divided by 31?
17
What is the remainder when 244 is divided by 49?
48
Calculate the remainder when 11